e
Is 11203 composite?
True
Is 931499 a composite number?
False
Is 877 a prime number?
True
Is 19289 composite?
False
Is 16781 prime?
False
Is 2707 composite?
False
Is 158489 composite?
False
Is 2939 prime?
True
Is 184553 a prime number?
True
Is 61135 composite?
True
Is 2186315 composite?
True
Is 76561 composite?
False
Is 2579 a prime number?
True
Is 18013 prime?
True
Is 1187 composite?
False
Is 239021 prime?
False
Is 3446 composite?
True
Is 2363 a composite number?
True
Is 15891 a composite number?
True
Is 1811 a prime number?
True
Is 63943 prime?
False
Is 501577 composite?
False
Is 58189 a composite number?
False
Is 13829 prime?
True
Is 26879 prime?
True
Is 2413 a prime number?
False
Is 479287 prime?
True
Is 9409 composite?
True
Is 525581 composite?
True
Is 153367 composite?
True
Is 879061 prime?
True
Is 953 a prime number?
True
Is 29091 composite?
True
Is 10033 a prime number?
False
Is 6001 composite?
True
Is 644794 prime?
False
Is 101663 a prime number?
True
Is 147449 prime?
True
Is 8105 a prime number?
False
Is 4783 a composite number?
False
Is 32987 a composite number?
False
Is 230151 a prime number?
False
Is 249979 composite?
True
Is 356677 prime?
False
Is 23755 composite?
True
Is 16143 prime?
False
Is 885643 a prime number?
False
Is 325921 prime?
True
Is 1281481 prime?
False
Is 116789 composite?
False
Is 27239 prime?
True
Is 395023 a composite number?
False
Is 9127 composite?
False
Is 3160519 composite?
False
Is 2907197 a composite number?
True
Is 102041 a composite number?
True
Is 8039 a composite number?
False
Is 250867 prime?
True
Is 34199 composite?
True
Is 14453 a prime number?
False
Is 27143 a prime number?
True
Is 368227 a composite number?
False
Is 44159 a prime number?
True
Is 407 prime?
False
Is 42979 a composite number?
False
Is 7493 prime?
False
Is 1471 a prime number?
True
Is 2557 a prime number?
True
Is 304301 composite?
False
Is 7001 a composite number?
False
Is 29803 a prime number?
True
Is 3103 a prime number?
False
Is 25791 a composite number?
True
Is 18479 a prime number?
False
Is 458567 composite?
False
Is 316619 composite?
True
Is 1518449 prime?
True
Is 1397 prime?
False
Is 1307689 composite?
False
Is 1116809 prime?
True
Is 6313 a composite number?
True
Is 1133201 prime?
False
Is 5099 a prime number?
True
Is 1210373 prime?
False
Is 54767 a prime number?
True
Is 7621 composite?
False
Is 29462 prime?
False
Is 23649 a prime number?
False
Is 130773 prime?
False
Is 8887 a prime number?
True
Is 13021 prime?
False
Is 5045 prime?
False
Is 9469 composite?
True
Is 1486057 composite?
False
Is 1147649 a prime number?
False
Is 168523 composite?
False
Is 240731 a prime number?
False
Is 88789 prime?
True
Is 120517 a prime number?
False
Is 37291 prime?
False
Is 272687 prime?
False
Is 69871 a composite number?
True
Is 245237 composite?
True
Is 1381 a prime number?
True
Is 311323 a composite number?
False
Is 25391 a composite number?
False
Is 218579 a prime number?
True
Is 1589 composite?
True
Is 88243 composite?
True
Is 1009 composite?
False
Is 418699 a composite number?
False
Is 79069 a prime number?
False
Is 194371 prime?
True
Is 157037 prime?
True
Is 718495 composite?
True
Is 193495 prime?
False
Is 67687 prime?
False
Is 6023 prime?
False
Is 15131 prime?
True
Is 932963 composite?
False
Is 3442 a composite number?
True
Is 1774507 prime?
False
Is 3299 a composite number?
False
Is 37793 composite?
True
Is 562637 a composite number?
True
Is 456377 prime?
True
Is 68345 prime?
False
Is 142897 prime?
True
Is 29195 a prime number?
False
Is 368317 prime?
False
Is 259 prime?
False
Is 3497 prime?
False
Is 2051 composite?
True
Is 218567 a prime number?
False
Is 16297 a composite number?
True
Is 47737 a composite number?
False
Is 384359 a prime number?
True
Is 45205 a composite number?
True
Is 151913 composite?
True
Is 6671 a composite number?
True
Is 10111 prime?
True
Is 348717 composite?
True
Is 803623 a composite number?
False
Is 101359 composite?
False
Is 57839 prime?
True
Is 8483 a prime number?
False
Is 66577 prime?
False
Is 25711 a composite number?
True
Is 318781 prime?
True
Is 2806385 prime?
False
Is 76955 composite?
True
Is 80747 prime?
True
Is 10294 a prime number?
False
Is 16087 composite?
False
Is 314701 a composite number?
True
Is 349487 a prime number?
False
Is 5921 prime?
False
Is 206221 prime?
True
Is 5345309 a composite number?
True
Is 25013 composite?
False
Is 1239074 a prime number?
False
Is 244981 a prime number?
False
Is 52259 a composite number?
False
Is 3943 composite?
False
Is 217307 a composite number?
False
Is 22271 a composite number?
False
Is 1067 a composite number?
True
Is 4481 a prime number?
True
Is 17653 a composite number?
True
Is 893929 prime?
True
Is 12799 a prime number?
True
Is 187945 a composite number?
True
Is 168679 composite?
True
Is 979 a prime number?
False
Is 312293 a composite number?
True
Is 14339 composite?
True
Is 1703 prime?
False
Is 25847 prime?
True
Is 557045 composite?
True
Is 2741729 a prime number?
True
Is 22559 a prime number?
False
Is 3943 prime?
True
Is 20279 prime?
False
Is 3821 a prime number?
True
Is 259099 composite?
False
Is 1496747 prime?
False
Is 593987 a prime number?
True
Is 12443 prime?
False
Is 54709 composite?
False
Is 206993 a prime number?
True
Is 15761 a prime number?
True
Is 1867 a composite number?
False
Is 155 a prime number?
False
Is 3548213 prime?
True
Is 213659 a prime number?
True
Is 61871 a composite number?
False
Is 188198 composite?
True
Is 1247167 a prime number?
True
Is 59315 composite?
True
Is 631973 a prime number?
False
Is 116711 prime?
False
Is 1759 a composite number?
False
Is 4511 prime?
False
Is 22471 composite?
True
Is 1543 prime?
True
Is 71527 prime?
True
Is 193339 a prime number?
False
Is 44483 composite?
False
Is 123601 a prime number?
True
Is 647 prime?
True
Is 13571 prime?
False
Is 88211 a composite number?
False
Is 19187 a prime number?
False
Is 117217 a composite number?
True
Is 18701 a prime number?
True
Is 633359 prime?
True
Is 15937 composite?
False
Is 34189 a composite number?
True
Is 830519 a prime number?
False
Is 275053 a composite number?
False
Is 111029 a prime number?
True
Is 10369 a composite number?
False
Is 96893 a prime number?
True
Is 1319 prime?
True
Is 10597 a prime number?
True
Is 564411 a composite number?
True
Is 11549 composite?
False
Is 15427 a composite number?
False
Is 187973 prime?
True
Is 1367 composite?
False
Is 29063 a prime number?
True
Is 307 a prime number?
True
Is 3497 composite?
True
Is 2019071 a prime number?
True
Is 501419 prime?
True
Is 112513 a composite number?
True
Is 179851 a composite number?
True
Is 1206209 a composite number?
False
Is 12193 composite?
True
Is 485201 prime?
True
Is 5747 a composite number?
True
Is 558299 prime?
False
Is 150041 composite?
False
Is 327061 a composite number?
True
Is 1243 a prime number?
False
Is 311473 prime?
True
Is 1535 a prime number?
False
Is 307 prime?
True
Is 1901 a composite number?
False
Is 15101 a composite number?
False
Is 12569 a composite number?
False
Is 63253 a composite number?
True
Is 9623 a prime number?
True
Is 1358023 a prime number?
False
Is 15859 prime?
True
Is 3457 a composite number?
False
Is 4861 prime?
True
Is 407 a prime number?
False
Is 1597 a prime number?
True
Is 17657 composite?
False
Is 74758 prime?
False
Is 50117 a prime number?
False
Is 15619 a composite number?
False
Is 10403 a prime number?
False
Is 191417 a composite number?
True
Is 24877 prime?
True
Is 76939 prime?
False
Is 2290045 composite?
True
Is 347177 composite?
False
Is 3827887 a prime number?
False
Is 15091 a prime number?
True
Is 5899 composite?
True
Is 5899 prime?
False
Is 404749 a prime number?
False
Is 223087 prime?
True
Is 11533 a composite number?
True
Is 129101 a prime number?
False
Is 385751 composite?
True
Is 338707 a prime number?
True
Is 45943 composite?
False
Is 163193 a prime number?
True
Is 16567 a composite number?
False
Is 244177 a prime number?
True
Is 170299 composite?
False
Is 338681 composite?
True
Is 172687 composite?
False
Is 290489 a composite number?
False
Is 2909 a prime number?
True
Is 1906045 a prime number?
False
Is 496369 composite?
True
Is 13829 a prime number?
True
Is 1170521 composite?
True
Is 4127 prime?
True
Is 880111 prime?
False
Is 18553